{"id":181,"date":"2021-07-15T22:46:37","date_gmt":"2021-07-15T21:46:37","guid":{"rendered":"http:\/\/fenyves-lak.hu\/?page_id=181"},"modified":"2025-12-09T08:47:46","modified_gmt":"2025-12-09T07:47:46","slug":"foglalas","status":"publish","type":"page","link":"https:\/\/fenyves-lak.hu\/?page_id=181","title":{"rendered":"Foglal\u00e1s"},"content":{"rendered":"\n<div class=\"wp-block-group\"><div class=\"wp-block-group__inner-container is-layout-constrained wp-block-group-is-layout-constrained\">\n<div class=\"wp-block-columns are-vertically-aligned-top is-layout-flex wp-container-core-columns-is-layout-1 wp-block-columns-is-layout-flex\">\n<div class=\"wp-block-column is-layout-flow wp-block-column-is-layout-flow\">\n<figure class=\"wp-block-table\"><table><tbody><tr><td>\u00c1raink \/ \u00e9j<\/td><td>1 f\u0151<\/td><td>2 f\u0151<\/td><\/tr><tr><td>Feln\u0151tt<\/td><td>17900 Ft<\/td><td>21900 Ft<\/td><\/tr><tr><td>Gyerek (12 \u00e9ves korig)<\/td><td>ingyenes<\/td><td>ingyenes<\/td><\/tr><tr><td>Kis\u00e1llat<\/td><td>1000 Ft \/ \u00e9j<\/td><td>1000 Ft \/ \u00e9j<\/td><\/tr><tr><td>P\u00f3t\u00e1gy (+ max. 1 f\u0151)<\/td><td>&#8211;<\/td><td>4000 Ft \/ \u00e9j<\/td><\/tr><tr><td>Korai bejelentkez\u00e9s (\u00e9rkez\u00e9si nap 8 \u00f3r\u00e1t\u00f3l)*<\/td><td>4000 Ft \/ alk.<\/td><td>4000 Ft \/ alk.<\/td><\/tr><\/tbody><\/table><figcaption class=\"wp-element-caption\"><em>*korai bejelentkez\u00e9s csak abban az esetben lehets\u00e9ges, ha a foglal\u00e1s kezdeti napja el\u0151tti nap szabad<\/em><\/figcaption><\/figure>\n\n\n\n<p><\/p>\n\n\n\n<p>Bejelentkez\u00e9s: 14-23 \u00f3r\u00e1ig<br>Kijelentkez\u00e9s: 10 \u00f3r\u00e1ig<\/p>\n\n\n\n<pre class=\"wp-block-verse has-text-align-center\"><strong><mark style=\"background-color:rgba(0, 0, 0, 0)\" class=\"has-inline-color has-luminous-vivid-orange-color\">Akci\u00f3! Foglaljon weboldalunkon legal\u00e1bb 2 \u00e9jszak\u00e1ra (min. 2 \u00e9j \/ 3 nap) \u00e9s foglal\u00e1s\u00e1ra 10% kedvezm\u00e9nyt adunk!<\/mark><\/strong><\/pre>\n<\/div>\n<\/div>\n<\/div><\/div>\n\n\n\n<p><strong><mark style=\"background-color:rgba(0, 0, 0, 0)\" class=\"has-inline-color has-luminous-vivid-orange-color\">FONTOS! Csak az eg\u00e9sz napokat jel\u00f6lje, az elutaz\u00e1s napj\u00e1t m\u00e1r ne<\/mark><\/strong> (pl. augusztus 10-12 \/ 2 \u00e9j eset\u00e9n: augusztus 10 \u00e9s 11-et jel\u00f6lje be). <br>A foglal\u00e1s ut\u00e1n felvessz\u00fck \u00d6nnel a kapcsolatot, majd &#8211; amennyiben az adott nap(ok) szabad(ok) &#8211; j\u00f3v\u00e1hagyjuk foglal\u00e1s\u00e1t. <br><strong><mark style=\"background-color:rgba(0, 0, 0, 0)\" class=\"has-inline-color has-luminous-vivid-orange-color\">A foglal\u00e1s ingyenes<\/mark><\/strong>, fizet\u00e9s a helysz\u00ednen, k\u00e9szp\u00e9nzben, bankk\u00e1rty\u00e1val vagy OTP SZ\u00c9P k\u00e1rty\u00e1val lehets\u00e9ges.<\/p>\n\n\n\n<figure class=\"wp-block-image size-full is-resized\"><img loading=\"lazy\" decoding=\"async\" width=\"467\" height=\"72\" src=\"http:\/\/fenyves-lak.hu\/wp-content\/uploads\/2021\/07\/visa2.jpg\" alt=\"\" class=\"wp-image-223\" style=\"width:240px;height:auto\" srcset=\"https:\/\/fenyves-lak.hu\/wp-content\/uploads\/2021\/07\/visa2.jpg 467w, https:\/\/fenyves-lak.hu\/wp-content\/uploads\/2021\/07\/visa2-300x46.jpg 300w, https:\/\/fenyves-lak.hu\/wp-content\/uploads\/2021\/07\/visa2-389x60.jpg 389w\" sizes=\"(max-width: 467px) 100vw, 467px\" \/><\/figure>\n\n\n\n<figure class=\"wp-block-image size-large is-resized is-style-default\"><img loading=\"lazy\" decoding=\"async\" width=\"1024\" height=\"159\" src=\"http:\/\/fenyves-lak.hu\/wp-content\/uploads\/2021\/10\/OTP-SZEP-kartya-1024x159.jpg\" alt=\"\" class=\"wp-image-241\" style=\"width:213px;height:auto\" srcset=\"https:\/\/fenyves-lak.hu\/wp-content\/uploads\/2021\/10\/OTP-SZEP-kartya-1024x159.jpg 1024w, https:\/\/fenyves-lak.hu\/wp-content\/uploads\/2021\/10\/OTP-SZEP-kartya-300x46.jpg 300w, https:\/\/fenyves-lak.hu\/wp-content\/uploads\/2021\/10\/OTP-SZEP-kartya-768x119.jpg 768w, https:\/\/fenyves-lak.hu\/wp-content\/uploads\/2021\/10\/OTP-SZEP-kartya-1536x238.jpg 1536w, https:\/\/fenyves-lak.hu\/wp-content\/uploads\/2021\/10\/OTP-SZEP-kartya-387x60.jpg 387w, https:\/\/fenyves-lak.hu\/wp-content\/uploads\/2021\/10\/OTP-SZEP-kartya.jpg 1582w\" sizes=\"(max-width: 1024px) 100vw, 1024px\" \/><\/figure>\n\n\n\n<p><\/p>\n\n\n\n<p><strong><span class=\"has-inline-color has-luminous-vivid-orange-color\">Itt leadott foglal\u00e1sa a sikeres visszaigazol\u00e1sig nem akt\u00edv!<\/span> <\/strong><\/p>\n\n\n <div id=\"form_id92341914080\"  class=\"wpbc_container wpbc_form wpbc_container_booking_form  \" ><form  id=\"booking_form1\"   class=\"booking_form vertical\" method=\"post\" action=\"\"><div id=\"ajax_respond_insert1\" class=\"ajax_respond_insert\" style=\"display:none;\"><\/div><a name=\"bklnk1\" id=\"bklnk1\"><\/a><div id=\"booking_form_div1\" class=\"booking_form_div\"><style type=\"text\/css\">.wpbc_container_booking_form .block_hints, .wpbc_booking_form_simple.wpbc_form_center .wpbc__form__div .wpbc__row.wpbc_r_calendar,  .wpbc_booking_form_simple .wpbc__form__div .wpbc__row:not(.wpbc_r_calendar){max-width:440px;} <\/style>\n<div class=\"wpbc_booking_form_simple \">\n    <div class=\"wpbc__form__div\">\n\t<div class=\"wpbc_r_calendar wpbc__row\">\n      <div class=\"wpbc_r_calendar wpbc__field\"> <div class=\"wpbc_calendar_wraper wpbc_change_over_triangle\"><div class=\"wpbc_cal_container bk_calendar_frame wpbc_no_custom_width  months_num_in_row_ cal_month_num_1 wpbc_timeslot_day_bg_as_available\" style=\"\"><div id=\"calendar_booking1\">Napt\u00e1r bet\u00f6lt\u00e9se<\/div><\/div><div style=\"font-size:7px;text-align:left;margin:0 0 10px;text-shadow: none;\">Powered by <a href=\"https:\/\/wpbookingcalendar.com\" style=\"font-size:7px;\" target=\"_blank\" title=\"Booking Calendar plugin for WordPress\">Booking Calendar<\/a><\/div><textarea id=\"date_booking1\" name=\"date_booking1\" autocomplete=\"off\" style=\"display:none;\"><\/textarea><div class=\"block_hints datepick \"><div class=\"wpdev_hint_with_text\"><div class=\"block_free datepick-days-cell\"><a>&nbsp;<\/a><\/div><div class=\"block_text\">- <\/div><div class=\"block_text\">El\u00e9rhet\u0151<\/div><\/div><div class=\"wpdev_hint_with_text\"><div class=\"block_booked date_approved\">&nbsp;<\/div><div class=\"block_text\">- <\/div><div class=\"block_text\">Lefoglalva<\/div><\/div><div class=\"wpdev_hint_with_text\"><div class=\"block_pending date2approve\">&nbsp;<\/div><div class=\"block_text\">- <\/div><div class=\"block_text\">F\u00fcgg\u0151<\/div><\/div><\/div><\/div><\/div>\n\t<\/div>\n\t<div class=\"wpbc__row\">\n      <div class=\"wpbc_r_name wpbc__field\">  <label for=\"name1\">N\u00e9v*:<\/label><br>   <input type=\"text\" name=\"name1\" id=\"name1\" class=\"input-xlarge wpdev-validates-as-required\" \/><\/div>\n\t<\/div>\n\t<div class=\"wpbc__row\">\n      <div class=\"wpbc_r_email wpbc__field\">  <label for=\"email1\">E-mail*:<\/label><br>   <input type=\"text\" name=\"email1\" id=\"email1\" class=\"input-xlarge wpdev-validates-as-email wpdev-validates-as-required wpdev-validates-as-required\" \/><\/div>\n\t<\/div>\n\t<div class=\"wpbc__row\">\n      <div class=\"wpbc_r_phone wpbc__field\">  <label for=\"phone1\">Telefonsz\u00e1m*:<\/label><br>   <input type=\"text\" name=\"phone1\" id=\"phone1\" class=\"input-xlarge wpdev-validates-as-required\" \/><\/div>\n\t<\/div>\n\t<div class=\"wpbc__row\">\n      <div class=\"wpbc_r_visitors wpbc__field\">  <label for=\"visitors1\">Feln\u0151ttek sz\u00e1ma*:<\/label><br>   <select name=\"visitors1\" id=\"visitors1\" class=\"input-xlarge wpdev-validates-as-required\" >  <option value=\"1\" >1<\/option>  <option value=\"2\" >2<\/option>  <option value=\"2 + 1\" >2 + 1<\/option>     <\/select><\/div>\n\t<\/div>\n\t<div class=\"wpbc__row\">\n      <div class=\"wpbc_r_gyerekekszma wpbc__field\">  <label for=\"gyerekekszma1\">Gyerekek sz\u00e1ma*:<\/label><br>   <select name=\"gyerekekszma1\" id=\"gyerekekszma1\" class=\"input-xlarge wpdev-validates-as-required\" >  <option value=\"0\" >0<\/option>  <option value=\"1\" >1<\/option>     <\/select><\/div>\n\t<\/div>\n\t<div class=\"wpbc__row\">\n      <div class=\"wpbc_r_kisllat wpbc__field\">  <label for=\"kisllat1\">Kis\u00e1llat*:<\/label><br>   <select name=\"kisllat1\" id=\"kisllat1\" class=\"input-xlarge wpdev-validates-as-required\" >  <option value=\"0\" >0<\/option>  <option value=\"1\" >1<\/option>  <option value=\"2\" >2<\/option>     <\/select><\/div>\n\t<\/div>\n\t<div class=\"wpbc__row\">\n      <div class=\"wpbc_r_vrhatrkezsideje wpbc__field\">  <label for=\"vrhatrkezsideje1\">V\u00e1rhat\u00f3 \u00e9rkez\u00e9s ideje:<\/label><br>   <select name=\"vrhatrkezsideje1\" id=\"vrhatrkezsideje1\" class=\"input-xlarge\" >  <option value=\"14:00 - 17:00\" >14:00 - 17:00<\/option>  <option value=\"17:00 - 20:00\" >17:00 - 20:00<\/option>  <option value=\"20:00 - 23:00\" >20:00 - 23:00<\/option>     <\/select><\/div>\n\t<\/div>\n\t<div class=\"wpbc__row\">\n      <div class=\"wpbc_r_earlycheckin wpbc__field\">     <label for=\"earlycheckin1\" class=\"control-label\" style=\"display: inline-block;\">   <input type=\"checkbox\" name=\"earlycheckin1\" id=\"earlycheckin1\" class=\"wpdev-checkbox \" style=\"margin:0 0.25em 3px;\" value=\"true\"  value=\"Korai bejelentkez\u00e9s (ha el\u00e9rhet\u0151) - 4000 HUF\" \/>&nbsp;Korai bejelentkez\u00e9s (ha el\u00e9rhet\u0151) - 4000 HUF<\/label><\/div>\n\t<\/div>\n\t<div class=\"wpbc__row\">\n      <div class=\"wpbc_r_details wpbc__field\">  <label for=\"details1\">Megjegyz\u00e9s:<\/label><br>   <textarea  rows=\"3\" name=\"details1\" id=\"details1\" class=\"input-xlarge\" ><\/textarea><\/div>\n\t<\/div>\n\t<div class=\"wpbc__row\">\n      <div class=\"wpbc_r_submit wpbc__field\"> <button class=\"wpbc_button_light\" type=\"button\" onclick=\"mybooking_submit(this.form,1,'hu_HU');\" >K\u00fcld\u00e9s<\/button>\n<\/div>\n\t<\/div>\n    <\/div>\n<\/div><input id=\"bk_type1\" name=\"bk_type1\" class=\"\" type=\"hidden\" value=\"1\" \/><\/div><div id=\"submiting1\"><\/div><div class=\"form_bk_messages\" id=\"form_bk_messages1\" ><\/div><input type=\"hidden\" id=\"wpbc_nonceCALCULATE_THE_COST1\" name=\"wpbc_nonceCALCULATE_THE_COST1\" value=\"2a79e2388a\" \/><input type=\"hidden\" name=\"_wp_http_referer\" value=\"\/index.php?rest_route=%2Fwp%2Fv2%2Fpages%2F181\" \/><\/form><\/div><div id=\"booking_form_garbage1\" class=\"booking_form_garbage\"><\/div><script type=\"text\/javascript\"> (function() { var a = setInterval( function() {  if ( ( 'undefined' === typeof jQuery ) || ! window.jQuery ) { return; } clearInterval( a ); jQuery( document ).ready( function (){ jQuery(\".widget_wpdev_booking .booking_form.form-horizontal\").removeClass(\"form-horizontal\");\n                                    var visible_calendars_count = _wpbc.get_other_param( \"calendars__on_this_page\" ).length;\n                                    if (visible_calendars_count !== null ) {\n                                        for (var i=0;i< visible_calendars_count ;i++){\n                                          if ( _wpbc.get_other_param( \"calendars__on_this_page\" )[i] === 1 ) {\n                                              document.getElementById(\"form_id92341914080\").innerHTML = \"<span style='color:#A00;font-size:10px;'>Figyelem! A foglal\u00e1si er\u0151forr\u00e1s foglal\u00e1si napt\u00e1ra m\u00e1r megtal\u00e1lhat\u00f3 az oldalon. T\u00f6bbet err\u0151l itt : https:\/\/wpbookingcalendar.com\/faq\/why-the-booking-calendar-widget-not-show-on-page\/ olvashat<\/span>\";                                                                                                  \n                                              jQuery(\"#form_id92341914080\").animate( {opacity: 1}, 10000 ).fadeOut(5000);\n                                              return;\n                                          }\n                                        }\n                                        _wpbc.get_other_param( \"calendars__on_this_page\" )[ visible_calendars_count ]=1;\n                                    } } ); }, 500 ); })();<\/script> <script type=\"text\/javascript\"> (function() { var a = setInterval( function() {  if ( ( 'undefined' === typeof jQuery ) || ! window.jQuery ) { return; } clearInterval( a ); jQuery( document ).ready( function (){ _wpbc.balancer__set_max_threads( 3 );  _wpbc.calendar__set_param_value( 1 , 'calendar_scroll_to' , false );  _wpbc.calendar__set_param_value( 1 , 'booking_max_monthes_in_calendar' , '1y' );  _wpbc.calendar__set_param_value( 1 , 'booking_start_day_weeek' , '1' );  _wpbc.calendar__set_param_value( 1 , 'calendar_number_of_months' , '1' );   _wpbc.calendar__set_param_value( 1, 'days_select_mode', 'multiple' );   _wpbc.calendar__set_param_value( 1, 'fixed__days_num', 0 );   _wpbc.calendar__set_param_value( 1, 'fixed__week_days__start',   [] );   _wpbc.calendar__set_param_value( 1, 'dynamic__days_min', 0 );   _wpbc.calendar__set_param_value( 1, 'dynamic__days_max', 0 );   _wpbc.calendar__set_param_value( 1, 'dynamic__days_specific',    [] );   _wpbc.calendar__set_param_value( 1, 'dynamic__week_days__start', [] );   _wpbc.calendar__set_param_value( 1, 'booking_date_format', 'Y.m.d.' );   _wpbc.calendar__set_param_value( 1, 'booking_time_format', 'H:i' );   if ( 'function' === typeof ( wpbc__conditions__SAVE_INITIAL__days_selection_params__bm ) ){ wpbc__conditions__SAVE_INITIAL__days_selection_params__bm( 1 ); }   wpbc_calendar_show( '1' );   _wpbc.set_secure_param( 'nonce',   'ec4de5072f' );   _wpbc.set_secure_param( 'user_id', '0' );   _wpbc.set_secure_param( 'locale',  'hu_HU' );  wpbc_calendar__load_data__ajx( {\"resource_id\":1,\"booking_hash\":\"\",\"request_uri\":\"\\\/index.php?rest_route=%2Fwp%2Fv2%2Fpages%2F181\",\"custom_form\":\"standard\",\"aggregate_resource_id_str\":\"\",\"aggregate_type\":\"all\"} ); } ); }, 500 ); })();<\/script>\n","protected":false},"excerpt":{"rendered":"<p>\u00c1raink \/ \u00e9j 1 f\u0151 2 f\u0151 Feln\u0151tt 17900 Ft 21900 Ft Gyerek (12 \u00e9ves korig) ingyenes ingyenes Kis\u00e1llat 1000 Ft \/ \u00e9j 1000 Ft \/ \u00e9j P\u00f3t\u00e1gy (+ max. 1 f\u0151) &#8211; 4000 Ft \/ \u00e9j Korai bejelentkez\u00e9s (\u00e9rkez\u00e9si nap 8 \u00f3r\u00e1t\u00f3l)* 4000 Ft &hellip; <\/p>\n","protected":false},"author":1,"featured_media":0,"parent":0,"menu_order":0,"comment_status":"closed","ping_status":"closed","template":"","meta":{"footnotes":""},"_links":{"self":[{"href":"https:\/\/fenyves-lak.hu\/index.php?rest_route=\/wp\/v2\/pages\/181"}],"collection":[{"href":"https:\/\/fenyves-lak.hu\/index.php?rest_route=\/wp\/v2\/pages"}],"about":[{"href":"https:\/\/fenyves-lak.hu\/index.php?rest_route=\/wp\/v2\/types\/page"}],"author":[{"embeddable":true,"href":"https:\/\/fenyves-lak.hu\/index.php?rest_route=\/wp\/v2\/users\/1"}],"replies":[{"embeddable":true,"href":"https:\/\/fenyves-lak.hu\/index.php?rest_route=%2Fwp%2Fv2%2Fcomments&post=181"}],"version-history":[{"count":79,"href":"https:\/\/fenyves-lak.hu\/index.php?rest_route=\/wp\/v2\/pages\/181\/revisions"}],"predecessor-version":[{"id":446,"href":"https:\/\/fenyves-lak.hu\/index.php?rest_route=\/wp\/v2\/pages\/181\/revisions\/446"}],"wp:attachment":[{"href":"https:\/\/fenyves-lak.hu\/index.php?rest_route=%2Fwp%2Fv2%2Fmedia&parent=181"}],"curies":[{"name":"wp","href":"https:\/\/api.w.org\/{rel}","templated":true}]}}